the highest common divisor of j and w.
7
Let r(k) = -k**2 - 5*k - 2. Let o be r(-4). Let j be 2 + o/(-4)*2. Suppose f + 3*f = 5*g + 5, 0 = -3*g + 3*f - 6. What is the highest common divisor of g and j?
1
Let l(a) be the first derivative of -3*a**2/2 + 5*a - 2. Let q be l(4). Let z be q/(7/(-96)) + 0. Calculate the highest common factor of 12 and z.
12
Suppose 5*d - 27 - 7 = -2*m, d = -5*m + 85. Calculate the greatest common factor of 153 and m.
17
Let x(n) = n**2 - 3*n. Let m be x(5). Let w(f) = f**2 - 8*f - 5. Let s be w(m). Calculate the greatest common divisor of s and 3.
3
Suppose v - 11 = 13. What is the greatest common divisor of v and 3?
3
Suppose 5*a - 37 = -d, 26 = 2*a + 2*a + 2*d. Suppose -q = -4*i + 262, 5*i - 3*q = 7*i - 138. Let t = -26 + i. What is the highest common divisor of a and t?
8
Let n = -14 + 21. What is the highest common divisor of n and 56?
7
Let a = 37 - -53. Suppose k + 5*c = -27, -k + c = -6*k - 87. Let d = 27 + k. Calculate the highest common divisor of a and d.
10
Let h be 2/3*3 - -2. Let z = h + -3. Let t be z*81 - 9/(-3). Calculate the greatest common divisor of t and 21.
21
Suppose 3*u + 30 = 5*s + 123, -145 = -5*u + 5*s. What is the highest common divisor of 13 and u?
13
Let t = 2 - -7. What is the greatest common divisor of t and 9?
9
Let o be -14*3/6*-1. What is the greatest common factor of o and 7?
7
Let j(l) = l**2 + l + 7. Let w be j(0). Let n be 2/(w/2 - 3). What is the highest common divisor of 4 and n?
4
Let b(r) = r**3 + 6*r**2 + 7*r + 12. Let u be b(-4). What is the highest common factor of 144 and u?
16
Let p be -7*(3 - (-93)/(-21)). What is the greatest common divisor of 10 and p?
10
Let q be 8/(-44) - (-334)/22. Calculate the greatest common factor of q and 15.
15
Let x(u) = 78*u**2 + u. Let a be x(1). Suppose 0 = 2*m + 31 - a. Let k be -1 - -3 - 2*-29. What is the highest common factor of m and k?
12
Let n = -5 + 8. Suppose 5*w - 44 - 49 = -3*p, -3*p = -n. Let k = 157 + -85. What is the greatest common divisor of w and k?
18
Suppose 3*w - 48 = 12. Suppose -w = -9*n + 7*n. What is the greatest common divisor of n and 15?
5
Let f = 218 + -217. What is the highest common factor of 11 and f?
1
Suppose -2*n + u + 21 = 0, 15 = 2*u - 5*u. Suppose -b - 16 = -2*k, 3*k + 4*b - 23 = 1. What is the highest common divisor of n and k?
8
Suppose 3*x = -5*u + 21, x = 3*u + 2*u + 27. Calculate the greatest common divisor of x and 4.
4
Let r be 2/9 + 178/9. Suppose -6*i - 33 = -93. Calculate the greatest common divisor of i and r.
10
Suppose -8*r = r - 1836. What is the greatest common factor of r and 51?
51
Let j(k) be the first derivative of -k**4/4 - 7*k**3/3 - 9*k**2/2 - 8*k + 6. Let a be j(-6). What is the highest common factor of 5 and a?
5
Suppose d = 4 + 3. Suppose -6*l - 4 = -d*l. Calculate the highest common divisor of l and 8.
4
Let d(t) = t**3 - 7*t**2 + 6*t + 8. Let i be d(6). Let l be -4*(-6)/(-9)*(-3)/2. Calculate the highest common divisor of i and l.
4
Let x(b) = b**2 + 2*b + 5. Suppose 5*k + 9 + 16 = 0. Let i be x(k). What is the greatest common factor of i and 30?
10
Suppose -5*s + 15 = y - 2*y, -17 = -s + 3*y. Calculate the highest common factor of s and 6.
2
Let l be 21*1 + -1 + 1. Let b = 29 - -4. Suppose -4*j - 5 + b = 0. What is the highest common divisor of j and l?
7
Suppose 20 = 3*p + 2*p, 4 = 4*x - 2*p. Suppose -11 = 4*y + 13. Let u = x - y. What is the greatest common factor of u and 18?
9
Suppose 3*f + f = 252. Calculate the greatest common divisor of 9 and f.
9
Let x(c) = 12*c**3 + c**2. Let l be 3 + (-3)/((-2)/(-2)). Let w = l - -1. Let k be x(w). What is the greatest common divisor of 104 and k?
13
Let l = 32 - 52. Let o = l + 21. What is the greatest common divisor of 2 and o?
1
Let v = -364 - -204. Suppose 0 = -2*k + 35 + 415. Let b = v + k. What is the greatest common factor of b and 26?
13
Suppose -3*t = 3, 210 = 4*g + 4*t - 38. Calculate the highest common factor of 18 and g.
9
Suppose 3*q + 2*q = 2*s - 5, -2*s = 2*q + 16. Let t be 5 - (q + 6 + 0). What is the greatest common factor of 18 and t?
2
Let x = 23 + 41. Let v be 4/(-12) - 49/(-3). Calculate the greatest common factor of v and x.
16
Suppose 0 = -0*l + 4*l - 112. Suppose 24 = z - 5*p, 3*p - 2 = z - 22. What is the highest common factor of z and l?
14
Suppose -749 = -3*h + 2*n - 190, -4*n = -2*h + 362. What is the highest common factor of 21 and h?
21
Let r(g) = g**2 - g + 16. Let k be 2 - 4/(2 + 0). Let n be r(k). What is the greatest common factor of 24 and n?
8
Let l be ((-2)/(-3))/((-2)/(-15)). Let c be ((-6)/4)/((-2)/4). Suppose -c*x = -2*x - l. What is the greatest common factor of x and 40?
5
Let k(n) = 2 - 2*n - 6 + 3 - 7*n**3. Let x be k(-1). Calculate the highest common factor of x and 1.
1
Suppose 0*n - 2*n = -5*k - 71, 2*k - 64 = -2*n. Let d = -6 - -10. Let t = d - 1. What is the greatest common factor of n and t?
3
Let a be 1200/66 - ((-2)/11)/(-1). Calculate the greatest common divisor of 162 and a.
18
Let r(x) be the second derivative of x**4/12 - x**3/2 + x**2 - 2*x. Let p be r(3). Let z = -26 + 42. Calculate the greatest common divisor of z and p.
2
Let x be (-2)/(-2) + 5/5. What is the highest common divisor of 4 and x?
2
Let m(x) = -2*x**3 + 9*x**2 + 10*x - 16. Let g be m(5). What is the greatest common factor of g and 18?
9
Suppose -2*f = -11 + 77. Let q be (f/(-6))/((-4)/(-32)). What is the highest common divisor of 4 and q?
4
Let p = -17 + 29. What is the highest common divisor of 3 and p?
3
Let v(w) = -w**3 + 8*w**2 - 8*w + 4. Let k be v(7). Let b be 2/(-10)*(k - 2). Let s be 51/12 + b/(-4). What is the highest common divisor of s and 36?
4
Suppose -8961 = -5*h - 3*t - 3067, -2*h + 2357 = t. Suppose -h = -5*g - 137. Calculate the greatest common factor of g and 26.
26
Suppose -o + 20 = -0*o. What is the highest common factor of o and 4?
4
Let f = 8 - -10. Let u be (2/(-3))/(4/f). Let q(b) = -17*b - 3. Let r be q(u). Calculate the highest common divisor of r and 6.
6
Let m be -3 + 3 - (-9 + -1). Suppose 5*p = -c + 10, 16 = p + 5*c - m. Let n = 24 + p. Calculate the greatest common factor of n and 5.
5
Suppose -8 = -l + 2*d, 0 = -4*l - d - 12 - 1. Let z = l - -2. Let a be z - 5/((-15)/54). Calculate the highest common factor of 162 and a.
18
Suppose -2*u + 2 = 4*p, -p - 48 = -3*u + 2*p. Let w = u + -5. What is the greatest common divisor of 12 and w?
6
Let v(c) = 8*c + 2. Let m be v(2). Let n(d) = d**3 - 5*d**2 + 5*d + 2. Let s be n(4). What is the highest common divisor of m and s?
6
Let d(o) = -o**3 - 6*o**2 - 3*o - 5. Let r be d(-6). Suppose -3*a - 4*x + 707 = 2*a, -2*a = x - 284. Calculate the highest common divisor of r and a.
13
Let i = 36 - 16. Let q be 2*4/(16/6). Suppose f + q*f = 120. What is the highest common divisor of f and i?
10
Let y = 221 - 144. Calculate the greatest common factor of 7 and y.
7
Let u(r) be the second derivative of -r**3/6 - 5*r**2/2 - 2*r. Let a be u(-7). What is the highest common factor of a and 6?
2
Let x = -109 - -124. Calculate the highest common factor of 135 and x.
15
Let q(o) = -o**3 - 6*o**2 - 4*o + 7. Let c be q(-5). Let g be -1 - -99 - c/1. Calculate the greatest common factor of 12 and g.
12
Suppose -3*r + 90 = -0*r. Let t = 28 - -17. Calculate the highest common divisor of t and r.
15
Suppose 3*f = 4*g - 37 - 22, -3*g = -3*f - 48. What is the highest common factor of 275 and g?
11
Let l(b) = b - 1. Let p(f) = -4*f + 6. Let z(m) = 5*l(m) + p(m). Let t be z(5). Calculate the highest common divisor of 9 and t.
3
Suppose -3*f + i - 2*i = -48, 2*f = -i + 32. Let q be 5 - 3 - (-15 - -5). Suppose 2*l - q = 4. Calculate the greatest common divisor of f and l.
8
Suppose s - 3*s = -3*i + 18, 5*s = -3*i - 3. Suppose -i*j + 104 = -3*j. Calculate the greatest common factor of j and 13.
13
Let r be 14/(-77) - (-752)/22. What is the highest common factor of 68 and r?
34
Let s be (30/18)/(1/3). Suppose b - 264 = -3*a - 3*b, s*a - 2*b = 440. What is the greatest common factor of 8 and a?
8
Suppose 84 = 23*q - 17*q. Calculate the greatest common factor of q and 112.
14
Let w(k) = 3*k**2 - 4*k**2 + 8*k + 2*k**2 + 6 + 2. Let o be w(-7). What is the highest common factor of 11 and o?
1
Let h(u) = 70*u - 1. Let r be h(3). Suppose q = -2*q + 57. Calculate the greate